common factor of w and 189?
21
Let q = 88 - 32. Suppose 0*g = -2*g + 6. Suppose -t - 3*p = -26, 2*p = g*t + 5*p - 54. Calculate the greatest common factor of t and q.
14
Let d be 0/(-1 + -1 + -1). Suppose 62 - 19 = 2*f - 3*r, d = -2*r - 6. What is the highest common factor of 68 and f?
17
Suppose -635 = -3*m - 620. What is the highest common factor of 5 and m?
5
Suppose -j - 3*u = -61, 218 = 4*j - u - 0*u. Suppose -4*g + j = -125. What is the greatest common divisor of g and 18?
9
Let k be ((-12)/(-8) + 0)*14. Let h = 72 + 12. What is the greatest common factor of k and h?
21
Suppose -19 + 1 = -g. Suppose 3*x - 14 + 4 = -4*v, -4*x + v + 26 = 0. Let u = g - x. What is the highest common factor of u and 132?
12
Let s be 2/(-8)*0 + 9. Calculate the highest common factor of 6 and s.
3
Let u = -11 - -15. Let b be (-1)/u + (-434)/(-8). Calculate the highest common divisor of 36 and b.
18
Suppose 3*z + z = 56. What is the highest common divisor of z and 70?
14
Let j(p) = -4*p - 4. Let u be (-42)/8 + 4/16. Let z be j(u). Calculate the greatest common factor of 112 and z.
16
Let p be (-146)/(-3) + (-2)/(-6). Suppose -2*g = -z + 15, -5*z - g = 7 - p. What is the greatest common factor of z and 3?
3
Let g(v) = -v**3 - 5*v**2 - 3*v - 3. Let f be g(-5). Let z = 6 + -3. What is the highest common factor of z and f?
3
Suppose -720 = 18*f - 23*f. Calculate the greatest common factor of f and 16.
16
Let y(h) = -h**2 - 15*h - 6. Let l be y(-15). Let o(n) = n**3 + 8*n**2 + n - 6. Let f be o(l). Calculate the greatest common divisor of 24 and f.
12
Let b be (-80)/(-32) - 3/(-2). Suppose -5*v + t + 80 = -284, 4*v + b*t - 272 = 0. Calculate the highest common factor of 8 and v.
8
Let j be (2 + -5)*(-8)/6. Suppose j*n + 57 = 17. Let a be (16/(-10))/(1/n). Calculate the greatest common divisor of a and 2.
2
Let w be (144/20)/(51/(-30) - -2). Calculate the greatest common divisor of 16 and w.
8
Let o(v) = -v**3 + 4*v**2 - 5*v - 5. Let q be o(6). Let f = 155 + q. What is the highest common divisor of 6 and f?
6
Let n be 1 + 1 + 24/12. What is the highest common factor of 20 and n?
4
Let h(z) = -z**2 - 3*z - 7. Let i be h(-7). Let b be 66/14 - 10/i. Let c = 8 - b. Calculate the greatest common factor of c and 2.
1
Let p = -147 + 307. Calculate the highest common factor of p and 20.
20
Suppose -10 = -5*l + 115. What is the highest common factor of l and 5?
5
Suppose -4*d + 3*d + 11 = 3*r, 2*r = d - 26. Suppose -5 = -5*g + d. Let l = -35 + 60. Calculate the greatest common divisor of g and l.
5
Let t(l) = l**2 - 7*l + 9. Let y be t(6). Let f be (2/4)/(y/30). Let c = -20 + 60. Calculate the greatest common divisor of c and f.
5
Let s be (2 - 1)*0/1. Let g be (s - 1)/((-2)/(-8)). Let u be ((-15)/g)/((-9)/(-24)). What is the greatest common divisor of u and 80?
10
Suppose -o = 4*o - 25. Calculate the greatest common divisor of 1 and o.
1
Suppose 89 = 2*z - 67. What is the greatest common factor of 39 and z?
39
Let q = 32 + -2. Suppose -q = -k - k. What is the greatest common divisor of 10 and k?
5
Let i = -14 + 13. Let j be (-770)/(-42) + i/3. What is the greatest common factor of 2 and j?
2
Let z(a) = 3*a**2 - a - 4. Let b be z(3). Let j = b + -11. Suppose 0 = -3*l + 3. Calculate the greatest common factor of l and j.
1
Suppose 20 = 3*t - 13. Suppose 5*x = 114 + t. What is the greatest common divisor of x and 275?
25
Let b = -17 + 57. Calculate the highest common factor of b and 5.
5
Suppose p + 36 = 4*p. Let i be (-126)/4*p/(-9). Let w = 7 - 1. Calculate the greatest common divisor of i and w.
6
Suppose 0*l + 4*l - 132 = 0. Suppose 0 = 3*r - 4*q - 34, 0 = -r - 2*q - q + l. What is the highest common divisor of r and 198?
18
Let c be (5 - 8)*13/(-3). What is the highest common divisor of c and 26?
13
Let c be 4*-2*(-33)/12. Calculate the highest common divisor of 33 and c.
11
Let p be ((-55)/(-25) - (-1)/(-5)) + 34. Let c be 2 + (-1 + 0)*-2. Let j be 48/9 - c/(-6). Calculate the highest common divisor of j and p.
6
Let b(v) = v**3 + 6*v**2 - 2. Let z be b(-4). Suppose 5*n + 4*p - 46 = 0, -4*n + 4*p + 14 = -z. Calculate the greatest common factor of 40 and n.
10
Let d be 16/(-6)*63/(-28). What is the greatest common divisor of d and 66?
6
Suppose -3*x - 3 = 3*w, 4*x + 4*w = 3*x - 13. Let i be (-216)/10*(-10)/x. Suppose 0 = -k - 0 + 8. What is the greatest common divisor of k and i?
8
Let r be ((-3)/(-1) + -2)*1. Suppose -l = -0*l - 1. Calculate the highest common divisor of l and r.
1
Suppose 2*g - 4*g = -4. Let p be 10/(-1*(0 - g)). Let b be (-4 + -1)/(8/(-56)). Calculate the highest common divisor of b and p.
5
Suppose -z = 4*z. Let i be (10/(-4))/(1/(-2)). Let p be i/(z + 1 + 0). What is the greatest common factor of p and 2?
1
Let f = 46 + -18. Let i be f/(-6)*(-60)/70. Calculate the greatest common factor of 8 and i.
4
Suppose -5*a + 45 = -4*w, 3*w + 33 = 3*a + 9. Let b = 39 - a. Calculate the greatest common factor of 78 and b.
26
Suppose -3*t + 216 = 4*a - 45, 4*t = 3*a - 202. Suppose 4*x - 85 - 35 = 5*c, -a = -2*x + 4*c. What is the highest common factor of x and 5?
5
Let x = -27 - -39. Suppose -3*n = -3*o - x, 5*o = -n + 1 - 3. Let m be ((-5)/n)/(2/(-12)). What is the greatest common divisor of 25 and m?
5
Let c(s) = -s**3 - 6*s**2 + 5*s + 4. Let y be c(-5). Let m = -28 - y. What is the highest common factor of 162 and m?
18
Let h be (2/(-4))/((-2)/(-24)). Let v be (-2)/6 - 284/h. Let q = 99 - v. What is the greatest common divisor of q and 13?
13
Let j(d) = d + 2. Let m be j(-3). Let g be (5 + -4)/(m/(-25)). Calculate the highest common divisor of g and 200.
25
Let q be 165/45 + (-1)/(-3). Calculate the greatest common divisor of 8 and q.
4
Let k be (-51)/(-5) + (0 - (-8)/(-40)). Let d = -21 + 69. Suppose -4*c = 2*p - d, 0 = -3*c - 3 - 6. Calculate the highest common divisor of p and k.
10
Suppose -4*a + 23 + 29 = 0. Calculate the highest common factor of 91 and a.
13
Let l(y) = -y + 3. Let m be l(-4). Let g = 43 - m. Suppose -2*b + 10 = -8. Calculate the highest common factor of g and b.
9
Let k(n) = -5*n - 17. Let b be k(-5). Suppose 5*z + 2*g = 82, -9 = -3*z - 2*g + 41. Calculate the highest common divisor of z and b.
8
Suppose -5*i + 2*b + 6 - 4 = 0, 0 = -5*b - 5. Suppose i = f - 1, 5*p - 185 = 4*f + 31. Calculate the highest common divisor of p and 11.
11
Suppose -162 = -2*m - 0*m. Calculate the highest common divisor of m and 9.
9
Let o(p) = p**3 - p**2 + 2*p - 3. Let z be o(2). Let l(j) = -j + 7. Let k be 6/24 - 19/(-4). Let u be l(k). What is the highest common divisor of u and z?
1
Let w(x) = 4*x + 2*x**2 - 4*x**2 - 3*x - x**3. Let g be w(-3). Suppose 0 = -2*p + 4*j, -g*p = -3*p + j - 7. What is the greatest common divisor of 6 and p?
2
Suppose -436 = -15*b + 164. Calculate the greatest common factor of 16 and b.
8
Let t(k) = k**3 - 6*k**2 - 8*k + 6. Let c be t(7). Let b be (5 - 2) + 61 + c. What is the highest common divisor of b and 7?
7
Suppose 5*f + 5*h - 120 = -0*h, 2*h = 0. Calculate the greatest common divisor of f and 3.
3
Let q = 72 - 32. Suppose 4*t - 5*t = -q. What is the greatest common divisor of 20 and t?
20
Let j be (378/70)/((-1)/(-5)). Calculate the greatest common factor of 3 and j.
3
Suppose 0 = s + 5, -5*h + 85 = 4*s - 30. Suppose 0*v + 10 = 5*v. Suppose -q = -v - 1. Calculate the highest common factor of q and h.
3
Let d = -1 - -8. Suppose -3*r = -97 + d. What is the greatest common divisor of r and 6?
6
Let i(z) = z**2 + 7*z - 15. Let c be i(-9). What is the highest common divisor of c and 24?
3
Let x(q) = 12*q - 18. Let g be x(7). Let c(h) = h + 1. Let a be c(5). What is the greatest common divisor of g and a?
6
Let i be (18/3)/(4/24). Let p = 13 + -4. What is the highest common divisor of i and p?
9
Let x be (1/3)/((-3)/(-27)). Suppose -5*o - 5*k = -o - 49, -o - 9 = -x*k. Let d = -58 - -112. Calculate the highest common divisor of d and o.
6
Let r(x) = -2*x**2 + 2*x. Let n be r(3). Let h be n/(2 + (-39)/18). What is the highest common factor of h and 9?
9
Let q be 0 + 0 + 1 + 0. Let b be 0 - ((11 - q) + 0). Let o be b/3*324/(-10). What is the greatest common factor of 12 and o?
12
Suppose 5*o - 132 = -g - 1, 2*o + 5*g - 34 = 0. Suppose 482*t - 480*t = 18. What is the highest common divisor of t and o?
9
Suppose -2*m + 368 = 2*j